{"id":54,"date":"2024-02-10T15:58:43","date_gmt":"2024-02-10T14:58:43","guid":{"rendered":"https:\/\/mb-ror.se\/?page_id=54"},"modified":"2026-01-26T22:28:36","modified_gmt":"2026-01-26T21:28:36","slug":"mbs-ror","status":"publish","type":"page","link":"https:\/\/mb-ror.se\/","title":{"rendered":"MB&#8217;s R\u00f6r"},"content":{"rendered":"\n<figure class=\"wp-block-image size-medium\"><a href=\"https:\/\/mb-ror.se\"><img loading=\"lazy\" decoding=\"async\" width=\"300\" height=\"75\" src=\"https:\/\/mb-ror.se\/wp-content\/uploads\/2024\/02\/MB\u00b4s-ROR-Logo-24-02-300x75.png\" alt=\"\" class=\"wp-image-236\" srcset=\"https:\/\/mb-ror.se\/wp-content\/uploads\/2024\/02\/MB\u00b4s-ROR-Logo-24-02-300x75.png 300w, https:\/\/mb-ror.se\/wp-content\/uploads\/2024\/02\/MB\u00b4s-ROR-Logo-24-02-1024x256.png 1024w, https:\/\/mb-ror.se\/wp-content\/uploads\/2024\/02\/MB\u00b4s-ROR-Logo-24-02-768x192.png 768w, https:\/\/mb-ror.se\/wp-content\/uploads\/2024\/02\/MB\u00b4s-ROR-Logo-24-02-1536x384.png 1536w, https:\/\/mb-ror.se\/wp-content\/uploads\/2024\/02\/MB\u00b4s-ROR-Logo-24-02-2048x512.png 2048w\" sizes=\"auto, (max-width: 300px) 100vw, 300px\" \/><\/a><\/figure>\n\n\n\n&nbsp;\n\n\n\n<p class=\"has-medium-font-size\">ett f\u00f6retag i Tran\u00e5s som fixar det mesta inom <span title=\"V\u00e4rme, Ventilation och Sanitet\"><em>VVS<\/em>.<\/span><\/p>\n\n\n\n<hr class=\"wp-block-separator has-alpha-channel-opacity\"\/>\n\n\n\n<p class=\"has-medium-font-size\">Har du ett problem eller vill f\u00e5 en offert &#8211; v\u00e4lj <a href=\"https:\/\/mb-ror.se\/?page_id=62\">Kontakt<\/a> i menyn ovan.<\/p>\n\n\n\n&nbsp;\n\n\n\n<h3 class=\"wp-block-heading glowing-text has-text-color has-link-color has-large-font-size wp-elements-27685d45eb79de607fb546bc264ccd83\" style=\"color:#0469a4\"><em>En n\u00f6jd kund, g\u00f6r oss n\u00f6jda\u2026<\/em><\/h3>\n\n\n\n<p class=\"has-medium-font-size\">Vi \u00e4r tacksamma om du l\u00e4mnar ditt omd\u00f6me om utf\u00f6rt arbete <a href=\"https:\/\/mb-ror.se\/?page_id=111\">h\u00e4r<\/a> .<\/p>\n\n\n\n<hr class=\"wp-block-separator has-alpha-channel-opacity\"\/>\n\n\n\n<div class=\"wp-block-group\"><div class=\"wp-block-group__inner-container is-layout-constrained wp-block-group-is-layout-constrained\">\n<figure class=\"wp-block-gallery has-nested-images columns-default is-cropped wp-block-gallery-1 is-layout-flex wp-block-gallery-is-layout-flex\"><\/figure>\n<\/div><\/div>\n\n\n\n<figure class=\"wp-block-gallery has-nested-images columns-6 is-cropped wp-block-gallery-2 is-layout-flex wp-block-gallery-is-layout-flex\">\n<figure data-wp-context=\"{&quot;imageId&quot;:&quot;69dd96b0687a0&quot;}\" data-wp-interactive=\"core\/image\" data-wp-key=\"69dd96b0687a0\" class=\"wp-block-image size-large wp-lightbox-container\"><img loading=\"lazy\" decoding=\"async\" width=\"567\" height=\"567\" data-wp-class--hide=\"state.isContentHidden\" data-wp-class--show=\"state.isContentVisible\" data-wp-init=\"callbacks.setButtonStyles\" data-wp-on--click=\"actions.showLightbox\" data-wp-on--load=\"callbacks.setButtonStyles\" data-wp-on-window--resize=\"callbacks.setButtonStyles\" data-id=\"128\" src=\"https:\/\/mb-ror.se\/wp-content\/uploads\/2024\/02\/R.png\" alt=\"\" class=\"wp-image-128\" srcset=\"https:\/\/mb-ror.se\/wp-content\/uploads\/2024\/02\/R.png 567w, https:\/\/mb-ror.se\/wp-content\/uploads\/2024\/02\/R-300x300.png 300w, https:\/\/mb-ror.se\/wp-content\/uploads\/2024\/02\/R-150x150.png 150w\" sizes=\"auto, (max-width: 567px) 100vw, 567px\" \/><button\n\t\t\tclass=\"lightbox-trigger\"\n\t\t\ttype=\"button\"\n\t\t\taria-haspopup=\"dialog\"\n\t\t\taria-label=\"F\u00f6rstora\"\n\t\t\tdata-wp-init=\"callbacks.initTriggerButton\"\n\t\t\tdata-wp-on--click=\"actions.showLightbox\"\n\t\t\tdata-wp-style--right=\"state.imageButtonRight\"\n\t\t\tdata-wp-style--top=\"state.imageButtonTop\"\n\t\t>\n\t\t\t<svg xmlns=\"http:\/\/www.w3.org\/2000\/svg\" width=\"12\" height=\"12\" fill=\"none\" viewBox=\"0 0 12 12\">\n\t\t\t\t<path fill=\"#fff\" d=\"M2 0a2 2 0 0 0-2 2v2h1.5V2a.5.5 0 0 1 .5-.5h2V0H2Zm2 10.5H2a.5.5 0 0 1-.5-.5V8H0v2a2 2 0 0 0 2 2h2v-1.5ZM8 12v-1.5h2a.5.5 0 0 0 .5-.5V8H12v2a2 2 0 0 1-2 2H8Zm2-12a2 2 0 0 1 2 2v2h-1.5V2a.5.5 0 0 0-.5-.5H8V0h2Z\" \/>\n\t\t\t<\/svg>\n\t\t<\/button><\/figure>\n\n\n\n<figure data-wp-context=\"{&quot;imageId&quot;:&quot;69dd96b0694ad&quot;}\" data-wp-interactive=\"core\/image\" data-wp-key=\"69dd96b0694ad\" class=\"wp-block-image size-large wp-lightbox-container\"><img loading=\"lazy\" decoding=\"async\" width=\"500\" height=\"400\" data-wp-class--hide=\"state.isContentHidden\" data-wp-class--show=\"state.isContentVisible\" data-wp-init=\"callbacks.setButtonStyles\" data-wp-on--click=\"actions.showLightbox\" data-wp-on--load=\"callbacks.setButtonStyles\" data-wp-on-window--resize=\"callbacks.setButtonStyles\" data-id=\"87\" src=\"https:\/\/mb-ror.se\/wp-content\/uploads\/2024\/02\/R.jpg\" alt=\"\" class=\"wp-image-87\" srcset=\"https:\/\/mb-ror.se\/wp-content\/uploads\/2024\/02\/R.jpg 500w, https:\/\/mb-ror.se\/wp-content\/uploads\/2024\/02\/R-300x240.jpg 300w\" sizes=\"auto, (max-width: 500px) 100vw, 500px\" \/><button\n\t\t\tclass=\"lightbox-trigger\"\n\t\t\ttype=\"button\"\n\t\t\taria-haspopup=\"dialog\"\n\t\t\taria-label=\"F\u00f6rstora\"\n\t\t\tdata-wp-init=\"callbacks.initTriggerButton\"\n\t\t\tdata-wp-on--click=\"actions.showLightbox\"\n\t\t\tdata-wp-style--right=\"state.imageButtonRight\"\n\t\t\tdata-wp-style--top=\"state.imageButtonTop\"\n\t\t>\n\t\t\t<svg xmlns=\"http:\/\/www.w3.org\/2000\/svg\" width=\"12\" height=\"12\" fill=\"none\" viewBox=\"0 0 12 12\">\n\t\t\t\t<path fill=\"#fff\" d=\"M2 0a2 2 0 0 0-2 2v2h1.5V2a.5.5 0 0 1 .5-.5h2V0H2Zm2 10.5H2a.5.5 0 0 1-.5-.5V8H0v2a2 2 0 0 0 2 2h2v-1.5ZM8 12v-1.5h2a.5.5 0 0 0 .5-.5V8H12v2a2 2 0 0 1-2 2H8Zm2-12a2 2 0 0 1 2 2v2h-1.5V2a.5.5 0 0 0-.5-.5H8V0h2Z\" \/>\n\t\t\t<\/svg>\n\t\t<\/button><\/figure>\n\n\n\n<figure data-wp-context=\"{&quot;imageId&quot;:&quot;69dd96b06a0c9&quot;}\" data-wp-interactive=\"core\/image\" data-wp-key=\"69dd96b06a0c9\" class=\"wp-block-image size-large wp-lightbox-container\"><img loading=\"lazy\" decoding=\"async\" width=\"800\" height=\"801\" data-wp-class--hide=\"state.isContentHidden\" data-wp-class--show=\"state.isContentVisible\" data-wp-init=\"callbacks.setButtonStyles\" data-wp-on--click=\"actions.showLightbox\" data-wp-on--load=\"callbacks.setButtonStyles\" data-wp-on-window--resize=\"callbacks.setButtonStyles\" data-id=\"84\" src=\"https:\/\/mb-ror.se\/wp-content\/uploads\/2024\/02\/86-6505_xl_1.jpg\" alt=\"\" class=\"wp-image-84\" srcset=\"https:\/\/mb-ror.se\/wp-content\/uploads\/2024\/02\/86-6505_xl_1.jpg 800w, https:\/\/mb-ror.se\/wp-content\/uploads\/2024\/02\/86-6505_xl_1-300x300.jpg 300w, https:\/\/mb-ror.se\/wp-content\/uploads\/2024\/02\/86-6505_xl_1-150x150.jpg 150w, https:\/\/mb-ror.se\/wp-content\/uploads\/2024\/02\/86-6505_xl_1-768x769.jpg 768w\" sizes=\"auto, (max-width: 800px) 100vw, 800px\" \/><button\n\t\t\tclass=\"lightbox-trigger\"\n\t\t\ttype=\"button\"\n\t\t\taria-haspopup=\"dialog\"\n\t\t\taria-label=\"F\u00f6rstora\"\n\t\t\tdata-wp-init=\"callbacks.initTriggerButton\"\n\t\t\tdata-wp-on--click=\"actions.showLightbox\"\n\t\t\tdata-wp-style--right=\"state.imageButtonRight\"\n\t\t\tdata-wp-style--top=\"state.imageButtonTop\"\n\t\t>\n\t\t\t<svg xmlns=\"http:\/\/www.w3.org\/2000\/svg\" width=\"12\" height=\"12\" fill=\"none\" viewBox=\"0 0 12 12\">\n\t\t\t\t<path fill=\"#fff\" d=\"M2 0a2 2 0 0 0-2 2v2h1.5V2a.5.5 0 0 1 .5-.5h2V0H2Zm2 10.5H2a.5.5 0 0 1-.5-.5V8H0v2a2 2 0 0 0 2 2h2v-1.5ZM8 12v-1.5h2a.5.5 0 0 0 .5-.5V8H12v2a2 2 0 0 1-2 2H8Zm2-12a2 2 0 0 1 2 2v2h-1.5V2a.5.5 0 0 0-.5-.5H8V0h2Z\" \/>\n\t\t\t<\/svg>\n\t\t<\/button><\/figure>\n\n\n\n<figure data-wp-context=\"{&quot;imageId&quot;:&quot;69dd96b06abaf&quot;}\" data-wp-interactive=\"core\/image\" data-wp-key=\"69dd96b06abaf\" class=\"wp-block-image size-large wp-lightbox-container\"><img loading=\"lazy\" decoding=\"async\" width=\"474\" height=\"474\" data-wp-class--hide=\"state.isContentHidden\" data-wp-class--show=\"state.isContentVisible\" data-wp-init=\"callbacks.setButtonStyles\" data-wp-on--click=\"actions.showLightbox\" data-wp-on--load=\"callbacks.setButtonStyles\" data-wp-on-window--resize=\"callbacks.setButtonStyles\" data-id=\"82\" src=\"https:\/\/mb-ror.se\/wp-content\/uploads\/2024\/02\/OIP-2.jpg\" alt=\"\" class=\"wp-image-82\" srcset=\"https:\/\/mb-ror.se\/wp-content\/uploads\/2024\/02\/OIP-2.jpg 474w, https:\/\/mb-ror.se\/wp-content\/uploads\/2024\/02\/OIP-2-300x300.jpg 300w, https:\/\/mb-ror.se\/wp-content\/uploads\/2024\/02\/OIP-2-150x150.jpg 150w\" sizes=\"auto, (max-width: 474px) 100vw, 474px\" \/><button\n\t\t\tclass=\"lightbox-trigger\"\n\t\t\ttype=\"button\"\n\t\t\taria-haspopup=\"dialog\"\n\t\t\taria-label=\"F\u00f6rstora\"\n\t\t\tdata-wp-init=\"callbacks.initTriggerButton\"\n\t\t\tdata-wp-on--click=\"actions.showLightbox\"\n\t\t\tdata-wp-style--right=\"state.imageButtonRight\"\n\t\t\tdata-wp-style--top=\"state.imageButtonTop\"\n\t\t>\n\t\t\t<svg xmlns=\"http:\/\/www.w3.org\/2000\/svg\" width=\"12\" height=\"12\" fill=\"none\" viewBox=\"0 0 12 12\">\n\t\t\t\t<path fill=\"#fff\" d=\"M2 0a2 2 0 0 0-2 2v2h1.5V2a.5.5 0 0 1 .5-.5h2V0H2Zm2 10.5H2a.5.5 0 0 1-.5-.5V8H0v2a2 2 0 0 0 2 2h2v-1.5ZM8 12v-1.5h2a.5.5 0 0 0 .5-.5V8H12v2a2 2 0 0 1-2 2H8Zm2-12a2 2 0 0 1 2 2v2h-1.5V2a.5.5 0 0 0-.5-.5H8V0h2Z\" \/>\n\t\t\t<\/svg>\n\t\t<\/button><\/figure>\n\n\n\n<figure data-wp-context=\"{&quot;imageId&quot;:&quot;69dd96b06b707&quot;}\" data-wp-interactive=\"core\/image\" data-wp-key=\"69dd96b06b707\" class=\"wp-block-image size-large wp-lightbox-container\"><img loading=\"lazy\" decoding=\"async\" width=\"474\" height=\"474\" data-wp-class--hide=\"state.isContentHidden\" data-wp-class--show=\"state.isContentVisible\" data-wp-init=\"callbacks.setButtonStyles\" data-wp-on--click=\"actions.showLightbox\" data-wp-on--load=\"callbacks.setButtonStyles\" data-wp-on-window--resize=\"callbacks.setButtonStyles\" data-id=\"81\" src=\"https:\/\/mb-ror.se\/wp-content\/uploads\/2024\/02\/OIP-3.jpg\" alt=\"\" class=\"wp-image-81\" srcset=\"https:\/\/mb-ror.se\/wp-content\/uploads\/2024\/02\/OIP-3.jpg 474w, https:\/\/mb-ror.se\/wp-content\/uploads\/2024\/02\/OIP-3-300x300.jpg 300w, https:\/\/mb-ror.se\/wp-content\/uploads\/2024\/02\/OIP-3-150x150.jpg 150w\" sizes=\"auto, (max-width: 474px) 100vw, 474px\" \/><button\n\t\t\tclass=\"lightbox-trigger\"\n\t\t\ttype=\"button\"\n\t\t\taria-haspopup=\"dialog\"\n\t\t\taria-label=\"F\u00f6rstora\"\n\t\t\tdata-wp-init=\"callbacks.initTriggerButton\"\n\t\t\tdata-wp-on--click=\"actions.showLightbox\"\n\t\t\tdata-wp-style--right=\"state.imageButtonRight\"\n\t\t\tdata-wp-style--top=\"state.imageButtonTop\"\n\t\t>\n\t\t\t<svg xmlns=\"http:\/\/www.w3.org\/2000\/svg\" width=\"12\" height=\"12\" fill=\"none\" viewBox=\"0 0 12 12\">\n\t\t\t\t<path fill=\"#fff\" d=\"M2 0a2 2 0 0 0-2 2v2h1.5V2a.5.5 0 0 1 .5-.5h2V0H2Zm2 10.5H2a.5.5 0 0 1-.5-.5V8H0v2a2 2 0 0 0 2 2h2v-1.5ZM8 12v-1.5h2a.5.5 0 0 0 .5-.5V8H12v2a2 2 0 0 1-2 2H8Zm2-12a2 2 0 0 1 2 2v2h-1.5V2a.5.5 0 0 0-.5-.5H8V0h2Z\" \/>\n\t\t\t<\/svg>\n\t\t<\/button><\/figure>\n\n\n\n<figure data-wp-context=\"{&quot;imageId&quot;:&quot;69dd96b06c982&quot;}\" data-wp-interactive=\"core\/image\" data-wp-key=\"69dd96b06c982\" class=\"wp-block-image size-large is-style-rounded wp-lightbox-container\"><img loading=\"lazy\" decoding=\"async\" width=\"474\" height=\"474\" data-wp-class--hide=\"state.isContentHidden\" data-wp-class--show=\"state.isContentVisible\" data-wp-init=\"callbacks.setButtonStyles\" data-wp-on--click=\"actions.showLightbox\" data-wp-on--load=\"callbacks.setButtonStyles\" data-wp-on-window--resize=\"callbacks.setButtonStyles\" data-id=\"80\" src=\"https:\/\/mb-ror.se\/wp-content\/uploads\/2024\/02\/OIP-4.jpg\" alt=\"\" class=\"wp-image-80\" srcset=\"https:\/\/mb-ror.se\/wp-content\/uploads\/2024\/02\/OIP-4.jpg 474w, https:\/\/mb-ror.se\/wp-content\/uploads\/2024\/02\/OIP-4-300x300.jpg 300w, https:\/\/mb-ror.se\/wp-content\/uploads\/2024\/02\/OIP-4-150x150.jpg 150w\" sizes=\"auto, (max-width: 474px) 100vw, 474px\" \/><button\n\t\t\tclass=\"lightbox-trigger\"\n\t\t\ttype=\"button\"\n\t\t\taria-haspopup=\"dialog\"\n\t\t\taria-label=\"F\u00f6rstora\"\n\t\t\tdata-wp-init=\"callbacks.initTriggerButton\"\n\t\t\tdata-wp-on--click=\"actions.showLightbox\"\n\t\t\tdata-wp-style--right=\"state.imageButtonRight\"\n\t\t\tdata-wp-style--top=\"state.imageButtonTop\"\n\t\t>\n\t\t\t<svg xmlns=\"http:\/\/www.w3.org\/2000\/svg\" width=\"12\" height=\"12\" fill=\"none\" viewBox=\"0 0 12 12\">\n\t\t\t\t<path fill=\"#fff\" d=\"M2 0a2 2 0 0 0-2 2v2h1.5V2a.5.5 0 0 1 .5-.5h2V0H2Zm2 10.5H2a.5.5 0 0 1-.5-.5V8H0v2a2 2 0 0 0 2 2h2v-1.5ZM8 12v-1.5h2a.5.5 0 0 0 .5-.5V8H12v2a2 2 0 0 1-2 2H8Zm2-12a2 2 0 0 1 2 2v2h-1.5V2a.5.5 0 0 0-.5-.5H8V0h2Z\" \/>\n\t\t\t<\/svg>\n\t\t<\/button><\/figure>\n<\/figure>\n\n\n\n<hr class=\"wp-block-separator has-alpha-channel-opacity\"\/>\n\n\n\n<p class=\"has-medium-font-size\"><strong><em>Vi samarbetar med:<\/em><\/strong><br><\/p>\n\n\n\n<figure class=\"wp-block-image size-large is-resized\"><img decoding=\"async\" src=\"https:\/\/www.ahlsell.se\/globalassets\/site-images\/logo_ahlsell.svg\" alt=\"\" style=\"width:131px;height:auto\"\/><\/figure>\n\n\n\n<p class=\"has-white-color has-white-background-color has-text-color has-background has-link-color has-small-font-size wp-elements-0e9e75cf1f0aff9223feacccc13fb17c\">#r\u00f6r; #vvs; #pumpar; #r\u00f6rkopplingar; #installationer; #v\u00e4rme; #ventilation; #sanitet<\/p>\n","protected":false},"excerpt":{"rendered":"<p>&nbsp; ett f\u00f6retag i Tran\u00e5s som fixar det mesta inom VVS. Har du ett problem eller vill f\u00e5 en offert &#8211; v\u00e4lj Kontakt i menyn ovan. &nbsp; En n\u00f6jd kund, g\u00f6r oss n\u00f6jda\u2026 Vi \u00e4r tacksamma om du l\u00e4mnar ditt omd\u00f6me om utf\u00f6rt arbete h\u00e4r . Vi samarbetar med: #r\u00f6r; #vvs; #pumpar; #r\u00f6rkopplingar; #installationer; #v\u00e4rme; [&hellip;]<\/p>\n","protected":false},"author":1,"featured_media":0,"parent":0,"menu_order":0,"comment_status":"closed","ping_status":"closed","template":"","meta":{"footnotes":""},"class_list":["post-54","page","type-page","status-publish","hentry"],"_links":{"self":[{"href":"https:\/\/mb-ror.se\/index.php?rest_route=\/wp\/v2\/pages\/54","targetHints":{"allow":["GET"]}}],"collection":[{"href":"https:\/\/mb-ror.se\/index.php?rest_route=\/wp\/v2\/pages"}],"about":[{"href":"https:\/\/mb-ror.se\/index.php?rest_route=\/wp\/v2\/types\/page"}],"author":[{"embeddable":true,"href":"https:\/\/mb-ror.se\/index.php?rest_route=\/wp\/v2\/users\/1"}],"replies":[{"embeddable":true,"href":"https:\/\/mb-ror.se\/index.php?rest_route=%2Fwp%2Fv2%2Fcomments&post=54"}],"version-history":[{"count":0,"href":"https:\/\/mb-ror.se\/index.php?rest_route=\/wp\/v2\/pages\/54\/revisions"}],"wp:attachment":[{"href":"https:\/\/mb-ror.se\/index.php?rest_route=%2Fwp%2Fv2%2Fmedia&parent=54"}],"curies":[{"name":"wp","href":"https:\/\/api.w.org\/{rel}","templated":true}]}}